 Suppose 3*w = -v*c + 36, 4*c + 49 = 4*w - 27. What is the remainder when w is divided by 9/(-1 + 4 + -2)?
7
Let u be 28*(-124)/(-48)*3. Let p be ((-6)/(-9) + 0)*(19 - 7). Suppose p*l = l + u. What is the remainder when l is divided by 17?
14
Suppose 94*y = 104*y - 2840. Calculate the remainder when y is divided by 45.
14
Suppose 3*s + 3*u - 234 = 0, 35*s = 40*s - u - 366. What is the remainder when 7766 is divided by s?
70
What is the remainder when 47010 is divided by (2 - 10) + (8/24 - 1798/(-6))?
290
Let o(f) = -176*f - 4210. Suppose -3*p + 3728 = -3*d - p, 2*d - 3*p + 2492 = 0. Calculate the remainder when 10/45 + d/(-9) is divided by o(-24).
12
Let g = -104 + 108. Suppose -g*b + 38 = a, 7*a = 5*a - 5*b + 73. What is the remainder when 202 is divided by a?
32
Let f be (-870)/(-27) - 2/9. Suppose 2*j = -0*j + f. Let o = 2558 + -2529. Calculate the remainder when o is divided by j.
13
Let n = -21 + 23. Calculate the remainder when 3*(n + 120/18) is divided by 2.
0
Suppose 4*p - 698 = -2*v, -v - 273 = 5*p - 1147. Suppose -4404*k - 132 = -4414*k + 318. Calculate the remainder when p is divided by k.
40
Let f = 34 + -33. Let b be -21*(-1 - -1 - f). Let g = -13 + b. What is the remainder when g is divided by 3?
2
Suppose 1289*c = 1234*c + 1430. What is the remainder when 4830 is divided by c?
20
Suppose -2*c = 5*q + 10 + 3, 0 = -3*q - 9. Calculate the remainder when 5 - (-25)/(2 - c) is divided by 8.
6
Let n(i) = 2*i**2 + 129*i + 1208. Let y(q) = 4*q - 3. Calculate the remainder when n(-57) is divided by y(5).
13
Suppose -5*c - 3152 = 12268. Let a be 3/((-1)/(-4) + 753/c). Suppose -6*u + a = -716. Calculate the remainder when u is divided by 23.
21
Let g = -233 - -645. What is the remainder when g is divided by 57?
13
Suppose -18 = 3*m, -254 = -3*n - 2*m - 56. Calculate the remainder when n is divided by 59.
11
Suppose 0 = 2*r - 3*v - 368, -2*v - 311 - 53 = -2*r. Suppose 171*j = r*j - 147. What is the remainder when j is divided by 14?
7
What is the remainder when (-68339)/(-259)*(-7)/(-1) is divided by 614?
5
Let x = 57 - 37. Let r be x/(-50)*(-2 + -8). Suppose -2*y + 5*y - 425 = r*g, -g = -2*y + 275. Calculate the remainder when y is divided by 46.
43
Let v(h) = h - 9. Let t be v(12). Suppose -2*q = -t*q + 3. Suppose -5*s + 142 = q*j, 3*s + 0*s - 3*j = 90. What is the remainder when 113 is divided by s?
26
Suppose -3*v = 4 + 14. Let w(p) = p**3 + 5*p**2 + 10*p + 11. Let k be w(v). Let d = 208 + k. Calculate the remainder when d is divided by 42.
39
Let k(v) = v**3 + 26*v**2 + 22*v + 57. What is the remainder when k(-23) is divided by 20?
18
Suppose 0 = -6*t + 64 + 98. Let f be 2/4 - 19/2. Let g = t - f. Calculate the remainder when g is divided by 13.
10
Suppose -15*x - 5517 = -3*y - 19*x, 5*y = 5*x + 9230. What is the remainder when 3696 is divided by y?
10
Let c = 3 + 0. Suppose 16 = -c*q + 7*q. Calculate the remainder when (-8)/(q + 85/(-20)) is divided by 11.
10
Let n(q) = -q**3 + 50*q**2 + 54*q - 110. Suppose -5*l + 240 = -5*w, 72*l = 75*l + 4*w - 165. Calculate the remainder when 384 is divided by n(l).
40
Suppose -2900*h + 122 = -2898*h. What is the remainder when h is divided by 31?
30
Let i = -138 + 513. Suppose -4*k = -5*v - 490, 5*k + 5*v - i = 260. Calculate the remainder when k is divided by 42.
41
Let v(t) = -3*t**3 + 10*t**2 - t - 16. Let m be v(7). Let b = m + 592. Calculate the remainder when 239 is divided by b.
29
Suppose 58*q = 14294 - 12332 + 24428. What is the remainder when q is divided by 79?
60
Let b(n) = -2275*n - 6745. What is the remainder when 2718 is divided by b(-3)?
78
Let w(g) = -14*g + 3. Suppose u - 2*i - 9 = 0, -8 = 3*u + 5*i + 20. What is the remainder when w(u) is divided by 9?
8
Let j(p) = -11*p**3 + 8*p**2 + 7*p + 26. Let f(g) = 4*g**3 - 3*g**2 - 2*g - 9. Let v(o) = 8*f(o) + 3*j(o). Calculate the remainder when v(-6) is divided by 33.
27
Calculate the remainder when 518 is divided by (-30020)/(-95) - (-4)/(-8)*18.
211
Suppose -24*n + 72 = -22*n - 5*a, 0 = 2*n - a - 48. Calculate the remainder when 1211 is divided by n.
14
Suppose 15*y + 1512 - 216 = 123*y. Calculate the remainder when 369 is divided by y.
9
Calculate the remainder when 5/(39 - 4)*-4 + 9696/14 is divided by 99.
98
Let h be (-5 - -1) + -1 + 1. Calculate the remainder when -1*(-3 - h) + 66 is divided by (10/(-5))/(7/(-49)).
9
Calculate the remainder when -2 - ((-3)/27*-3 + (-2526)/18) is divided by 7.
5
Calculate the remainder when ((-1)/2)/(5/(-1070)) is divided by 40 - 19/(-57)*48.
51
Suppose 217 = a - 3*g - 12, 5*a + g = 1113. Suppose 227*z - 508 = a*z. What is the remainder when z is divided by 34?
25
What is the remainder when 3706/7 - 1 - 592/(-1036) is divided by 19?
16
Let i(f) = f**2 + 20*f - 294. What is the remainder when i(30) is divided by 55?
51
Suppose 0 = 10*d - 31*d + 735. Suppose 30*o - 53*o = -8027. Calculate the remainder when o is divided by d.
34
Let t(o) = -o**3 - o**2 + 2*o + 2. Let b be t(-1). Suppose b*d + 1166 = 22*d. What is the remainder when d is divided by 11?
9
Let s = -2224 - -2246. Let b = 474 + -323. Calculate the remainder when b is divided by s.
19
Calculate the remainder when (-505766)/(-4214) - (-9)/(-441) is divided by (56/(-6))/(3/(-9)).
8
Let i(g) = 215*g**2 - 22*g - 10. What is the remainder when i(1) is divided by 61?
0
Let g(t) = 2*t**2 - t - 124. Let f = -12 + 29. Calculate the remainder when f is divided by g(-8).
5
Suppose -5*x = 2*o - 55489, -216*o + 33291 = 3*x - 214*o. Calculate the remainder when x is divided by 300.
299
Let a be ((120/(-16))/3)/((-2)/(-4)). Calculate the remainder when 43 is divided by (-145)/a - 3/(0 - -1).
17
Let p = 389 - 389. Let a(f) = -2*f**3 + 2. Let c be a(-2). Suppose p = -13*q + 10*q + c. What is the remainder when q is divided by 5?
1
Let d(x) = x**3 + 69*x**2 - 20*x + 176. Calculate the remainder when d(-69) is divided by 308.
16
Let m be -3*(-7)/((-63)/15) + 22. Suppose -m*h - 147 = -24*h. Calculate the remainder when h is divided by 8.
5
Suppose -4*j - 3400 = -2*c, -162 = 5*j - 182. What is the remainder when c is divided by 107?
103
Let z = 85 + -67. What is the remainder when 12/(-8)*2*868/(-42) is divided by z?
8
Let b(o) = -6*o**2 - 31*o - 23. What is the remainder when 880 is divided by b(-4)?
0
Let m = 25 + -21. Suppose -5*h + 795 = -5*k - 10*h, h + m = 0. Let a = -80 - k. What is the remainder when a is divided by 19?
18
Suppose -16 = -4*b + 40. Let v = b - -50. Let f(k) = k**2 - 5*k - 6. Calculate the remainder when v is divided by f(-3).
10
Suppose -5*y - 1510 = j + 618, 3*y + 1281 = -2*j. Let q = y + 449. Calculate the remainder when 135 is divided by q.
15
Suppose -1060 = -4*o + 3*x, 2*o = -x + 571 - 41. Suppose 0 = -n - 4*n + o. Let i = -850 - -858. Calculate the remainder when n is divided by i.
5
Suppose 4*o + 3*x + 7 = 0, -5*x = -4*o + 35 - 2. Suppose -o*r - 5*k + 10 = -20, -2*r + 58 = -2*k. What is the remainder when 199 is divided by r?
24
Let b = -238 + 259. Let c(u) = u**3 - 20*u**2 - 13*u - 88. What is the remainder when 158 is divided by c(b)?
78
Let c be (-6)/10 + ((-26)/(-10) - -3). Let g(x) = 5*x**2 - 8*x + 10. Let f(d) = 2*d + 24. What is the remainder when g(c) is divided by f(0)?
23
Suppose -3*p + 47 + 79 = 0. Calculate the remainder when p is divided by (-226)/452*4*-8.
10
Let g = -1077 - -1709. Suppose -15*s - 182 = -g. Calculate the remainder when 50 is divided by s.
20
Suppose -12 = 4*n, 5*l = -13*n + 10*n + 1. Calculate the remainder when 502 is divided by (15/(-3) + 17)*l.
22
Let j be (-1)/(0 + (-44)/(-24) + -2). Let o be (j - 1)*(86/10 + -5). Suppose -o*r + 292 + 32 = 0. Calculate the remainder when 89 is divided by r.
17
Calculate the remainder when (-8)/(-4 - -2) + 215 + -26 is divided by 50.
43
Suppose 0 = -2*n + 90 - 20. What is the remainder when 93 is divided by n + -1 + -3 + 1?
29
Let d = 0 + 44. Suppose -68*n + 780 = 100. Calculate the remainder when d is divided by n.
4
Let q(u) = u**3 - 2*u**2 + 3*u - 2. Calculate the remainder when 4749 is divided by q(3).
13
Let a(u) = u**3 - 3*u**2 - 7*u - 2. Suppose -3*c = -0*c - 21. Let t be a(c). Calculate the remainder when (-6 + 4)/((-10)/t) is divided by 16.
13
Suppose 2*n + 308 = 4*f, -5*n - 4 - 213 = -3*f. Calculate the remainder when 576 is divided by f.
23
Let r(